?
False
Let g = 1704 + 1001. Is g composite?
True
Suppose 0*k - y + 43 = -2*k, -5*y - 45 = 3*k. Let p be (-152)/k*5*1. Suppose -q - q = -p. Is q composite?
False
Let x(i) = -4*i - 1. Let j be x(-1). Let u be (20/2)/(j - 1). Suppose -u*c = 12 - 247. Is c a composite number?
False
Let r(z) = -z**2 - 5*z + 3. Let t be r(-5). Suppose -t = -5*o + 2*o. Let n(k) = 3*k + 1. Is n(o) composite?
True
Is (1 - (-6952)/4) + -4 a prime number?
False
Let q(v) = v**2 - 9*v + 11. Let f be q(8). Is f/((-3)/(-91))*1 composite?
True
Let b(k) be the second derivative of -3*k**5/20 - k**4/4 + 2*k**3/3 + 2*k**2 + 3*k. Is b(-3) composite?
True
Suppose -33 + 190 = d. Suppose -55 - d = -2*l. Is l a composite number?
True
Is -4 - (92 - 1)*-1 prime?
False
Suppose 4*b - 8*b = -12. Suppose c - 67 = 2*o + b, -212 = -3*c + 5*o. Is c a prime number?
False
Let h(r) = r**2 + r + 2. Suppose 0 = u + 2*u + 3*a, 0 = 5*u + 4*a. Let l be h(u). Suppose -l*f - 3*f = -245. Is f prime?
False
Suppose 7*f - 2*f = 7045. Is f prime?
True
Let i(f) = 3*f**3 + 3*f**2 - f - 3. Is i(2) a composite number?
False
Suppose -40 + 4815 = 5*p. Is p a prime number?
False
Let h = 31 + -21. Is 1 + h + (0 - 1) prime?
False
Suppose 636 = 2*f + 118. Suppose -3*m + f = 2*n, -2*m - n - 27 = -199. Is m composite?
True
Is 5*163*(-9)/(-15) prime?
False
Let j be 39/(-33) - (-2)/11. Let v = j + -1. Let p(t) = 3*t**2 - 2*t - 1. Is p(v) prime?
False
Suppose -4*v + 2082 = -1378. Is v composite?
True
Let a be (2/3)/((-22)/33). Is 412 + a*(3 - 2) prime?
False
Suppose 5 - 38 = -3*b. Is b a composite number?
False
Let a(l) = -86*l**3 + 3*l + 3. Is a(-1) a prime number?
False
Suppose 4*p = 3*x - 6, -x - 4*x = p - 10. Suppose -5*l + p*a = -2*a - 55, 5*a + 70 = 5*l. Is l a composite number?
True
Let z(y) be the third derivative of -y**4/24 - 2*y**3/3 + y**2. Let q be z(-9). Suppose q*f = 5*k + 75, -f + 3*f - 30 = 4*k. Is f prime?
False
Suppose 11*t + 807 = 8*t. Let s = 414 + t. Is s a composite number?
True
Suppose 15 = -5*t, -2*g = -g + 5*t + 201. Let j = g - -389. Is j a composite number?
True
Let a(z) = -5*z + 2. Let p be a(-2). Suppose 2*l + p = -2*r + r, -4*r = -l + 12. Is l*149*2/(-8) a composite number?
False
Let z = -60 + 106. Is z a composite number?
True
Suppose 0 = -3*k + k - 20. Let u(q) = -q**2 - 12*q - 6. Is u(k) a composite number?
True
Suppose 0 = -0*a - 3*a - 9. Let l be (2/a)/(1/(-3)). Suppose -l*f - f = -111. Is f composite?
False
Let y = 1353 + 5092. Is y composite?
True
Is 440/6 - 8/(-12) prime?
False
Let b = -34 - -45. Is b a composite number?
False
Let u be -4 + (-1)/((-3)/48). Is (0 - 0) + 673 + u a composite number?
True
Let z(m) = -m**3 - 3*m**2 + 3*m - 1. Is z(-8) prime?
False
Let o = 4 + -2. Suppose 3*m - x = -0*x + 58, -o*x = -m + 11. Is m a composite number?
True
Let r(z) = 28*z - 19. Is r(11) prime?
False
Is 113 - 0 - (4 - 6) composite?
True
Let l = 3 - 4. Let a be 1 - (-26)/(l*2). Is (0 - -12)*(-9)/a composite?
True
Let g be (-238)/18 + (-6)/(-27). Let i = 66 + g. Is i a composite number?
False
Is (-2584)/(-3) + 2/(-6) - -1 a composite number?
True
Suppose 0 = -5*j + 12 - 2. Is ((-37)/j)/((-1)/2) prime?
True
Let x(f) = -2*f**2 - 1. Let u be x(-1). Let o(p) be the third derivative of -p**6/120 + 5*p**4/24 + p**3/2 - 4*p**2. Is o(u) prime?
False
Let i = 123 - 52. Is i composite?
False
Let w(b) = b**3 - 7*b**2 - 11*b - 4. Let n be w(8). Let j be n/(0 + 2/(-32)). Suppose -5*l = -j + 138. Is l prime?
False
Suppose -4*c + c - 1200 = -3*g, -5*g - c = -2006. Is g a prime number?
True
Let a = 50 + -13. Is a composite?
False
Let m(l) = -l**2 - 9*l - 5. Suppose -4*j + 4*r = 28, 2*r + r = 5*j + 27. Let a = -3 + j. Is m(a) a prime number?
True
Let w = -74 + 323. Is w prime?
False
Let k(h) = 28*h - 1. Let v be k(-1). Let m = v - -190. Is m prime?
False
Suppose 361 = r + 2*t - 297, 4*t - 654 = -r. Is r a composite number?
True
Suppose -25 = 5*p + 5. Let c be ((-16)/p)/((-6)/(-9)). Suppose 5*y = -s + 16, 4*s + y - c*y = 133. Is s composite?
False
Let j be 18 + (-2 - (2 - 1)). Suppose 5*f - 2*f = -4*k + j, -2*k + 2 = -4*f. Suppose -124 = -i - k*i. Is i prime?
True
Suppose 2*g - 43 - 9 = 0. Is g a prime number?
False
Let z = 461 + -250. Is z prime?
True
Let i = 1058 - 694. Suppose -2*l + i = -222. Is l a composite number?
False
Let t be (-35)/(-2) + 3/2. Let o = t + -12. Is o a composite number?
False
Let x be ((-2)/(-1))/(4/8). Let l(j) = 13 - 4 - 6*j + j + x*j + j**2. Is l(-10) composite?
True
Suppose 6*u = 2*u. Let g(s) be the first derivative of -s**4/4 - s**2/2 + 7*s + 1. Is g(u) a composite number?
False
Suppose 85 = 2*c - w, 162 + 5 = 4*c - 5*w. Suppose -25 = -2*a + c. Is a composite?
True
Let h(w) = -w**3 + 5*w**2 - 2*w + 4. Let g be h(5). Let l(c) = c + 7. Let q be l(g). Is q + -1 + 0 - -23 a prime number?
True
Let n(s) = 29*s - 1. Let v be n(7). Is v/8 + (-2)/8 a composite number?
True
Let a be 3 - -5 - (0 - 1). Suppose -s + a = -2*q, -3*s - 10 = -5*q - 38. Is s prime?
True
Let j = -9 + 3. Let k(u) = -3*u**3 + 3*u**2 - 8*u. Let o(l) = 2*l**3 - 4*l**2 + 7*l + 1. Let s(n) = 4*k(n) + 5*o(n). Is s(j) composite?
False
Suppose 0 = 3*d - k - 145, d - 4*k = -k + 43. Is d composite?
True
Suppose -2*i - 2156 = v - 3*v, 5*v - 5392 = 3*i. Is v a composite number?
True
Let z(p) = 2*p - 6. Let s be z(4). Let t(m) = 8*m + 1. Let g be t(2). Suppose -2*o = -s*v + 2, 4*o = v - 4*v + g. Is v prime?
True
Let h be ((-136)/(-6))/(4/6). Suppose 3*w = -b + 64 - 0, -3*w - h = -b. Is b a prime number?
False
Let p = 325 - 108. Is p composite?
True
Suppose 0 = v + 2, 0 = -3*h - 0*v - 2*v + 506. Suppose -y + 17 + h = 0. Is y prime?
False
Let o(f) = -2*f. Let x be o(-1). Suppose -2*p - x*p = 0. Suppose 5*k - 322 = 5*m + 18, p = k + m - 66. Is k composite?
False
Let a(u) = -u**3 + 8*u**2 - 5*u - 8. Let h be a(7). Suppose -5*c - q = 6, -q - h = -5*c - 5*q. Is 31 + c + 1 + 1 a prime number?
True
Let j(b) = -b**3 + 2*b + 1. Let t be j(2). Is t/(6/4) - -39 a prime number?
True
Let w = -11 + 18. Let c(r) = r**2 + 7*r - 7. Is c(w) composite?
True
Let o be 3*4/(-3)*-10. Suppose o = j + 165. Let p = j + 202. Is p prime?
False
Let t = 194 + -61. Is t prime?
False
Suppose 0 = -5*c - 0*c - 10, -4*o = -2*c + 8. Let j = 0 - o. Suppose 0 = -j*h + h + 62. Is h a prime number?
True
Let m(r) = 3*r + 5. Let p be m(7). Suppose -p = 2*h - 408. Is h a composite number?
False
Suppose -2*x + 7*x - 25 = 0. Suppose -2*y + 38 = 3*p, 0 = -2*y + p - x*p + 38. Is y a composite number?
False
Let x(r) = r**2 - 8*r + 4. Let t be x(8). Suppose 0 = -3*n + 4*n + t*j + 119, -3*n - 3*j - 402 = 0. Is (-2)/(-8) - n/4 a prime number?
False
Suppose -b + 4*b + 4*w - 226 = 0, 4*b - 2*w = 338. Is b a prime number?
False
Let p(x) = -x**3 - 6*x**2 - 4*x - 9. Let s be p(-6). Suppose -v - s + 56 = 0. Suppose -v - 62 = -3*g - 4*d, 27 = g + 5*d. Is g a composite number?
False
Let g be -1*(-3 - -6) - 1359. Is g/(-2) + (-6 - -8) a prime number?
True
Let a be 6/(-21) - 74/(-14). Suppose 4*w = -5*d + 579, 3*d - a*w + 0*w = 377. Is d a prime number?
False
Let c = 854 - 432. Is c a prime number?
False
Let m(d) = 3*d**3 - 4*d**2 + d + 3. Let q be m(3). Suppose -150 + q = -3*a. Is a a composite number?
True
Suppose d - 145 = -2*l, 5*d - 3*l - 995 = -244. Is d a prime number?
True
Is -3*2/27 - (-13566)/54 a composite number?
False
Suppose 0 = -6*q + q, 0 = -2*w - 4*q. Suppose -3*g = w, 4*g - 1 = p + 3. Is 41/2 + (-2)/p a composite number?
True
Let i be 3*((-12)/(-9) + 0). Suppose o + i*o - 105 = 0. Is o a composite number?
True
Let f(i) = -i - 79. Let v be f(0). Let o = 48 - v. Is o composite?
False
Let y(j) = 40*j + 11. Let b be (-11 - -15) + 1*2. Is y(b) a composite number?
False
Suppose 0 = 4*q - 3058 - 66. Is q prime?
False
Let k(q) = q**2 + q - 2. Let c(b) = b**2 + 4*b + 3. Let a be c(-3). Let w be k(a). Is (-58)/(-3) + w/6 prime?
True
Let o(x) = 162*x - 23. Is o(6) a composite number?
True
Is 5/((-5)/(-587))*1 composite?
False
Suppose -3*y = -22 - 35. Is y a prime number?
True
Suppose -3*h + 846 = 5*p, -3*h + 3*p + 695 = -175. Is h a prime number?
False
Let b be (2 - (5 + -2))*0. Suppose b = -s + 173 - 14. Is s prime?
False
Suppose 0 = 2*m - 10, -g - 4*m = 3*g - 28. Suppose -738 = -g*l - 76. Is l a composite number?
False
Suppose -4*u + 2*r = -2*u + 124, -124 = 2*u + 5*r. Is u*(5/